. Is c a prime number?
False
Let s = -4412 - -8355. Is s prime?
True
Let z be ((-21)/(-6))/(5/50). Suppose 0 = -2*d - 3*f + 15, 2*d - z = -d - 2*f. Is d a prime number?
False
Let y be (-25)/((-66)/(-63) + -1). Let x be -3 + 3/(-4)*5876/13. Let b = x - y. Is b a prime number?
False
Suppose 10*n = 5*n + 3*b + 62912, 5*b + 62910 = 5*n. Is n prime?
True
Let d = 38 - 36. Suppose d*b + 102 = 5*b. Is b prime?
False
Let s = 158 + -54. Let n be s/(-18) - 12/54. Let l(p) = -2*p**3 - 6*p**2 + 4*p - 5. Is l(n) a prime number?
False
Suppose -3*l - 78 = -114. Suppose l*c = 8*c + 2804. Is c a prime number?
True
Let s = 107 + -201. Suppose -5*x - 255 = -0*x. Let d = x - s. Is d a prime number?
True
Suppose -381 = -7*n + 1040. Is n prime?
False
Suppose 3*d + 4*i = 7170 + 19511, -5*d - 4*i + 44455 = 0. Is d a composite number?
False
Suppose -10*g + 39337 + 47853 = 0. Is g composite?
False
Let d(j) be the first derivative of 46*j**3/3 - 2*j**2 - 7*j - 36. Is d(7) prime?
False
Suppose 14*o + 2*o - 34208 = 0. Suppose y - 5345 = -4*y - 5*n, -2*y = -5*n - o. Is y a prime number?
True
Suppose 0*d + 2*y = 4*d - 11842, -2*y + 14816 = 5*d. Is d prime?
False
Suppose 2*j + 4*k - 1 = -5, -j - 4*k - 8 = 0. Suppose 0*b = -2*u - b + 591, -u = j*b - 313. Is u composite?
False
Let v(m) be the second derivative of 0 + 7/2*m**2 - m + 11/12*m**4 + 4/3*m**3 + 1/20*m**5. Is v(-9) a composite number?
False
Suppose -6*l = l - 8785. Suppose 3*x = -2*x + l. Is x prime?
True
Suppose 0 = -4*c - 4*p - 0*p - 56, -2*c - 5*p - 22 = 0. Let u = 159 + c. Is u composite?
True
Suppose -5*t + 10 = 0, 490 = 4*f + 2*t + t. Let q = f + -24. Is q a composite number?
False
Suppose -115*c = -117*c + 4090. Is c a prime number?
False
Is 100/(-225) + (-298255)/(-9) a composite number?
True
Suppose 5*r = -q - 28, -r + 3*r + 25 = -5*q. Suppose l + 3*l = -36. Is 294 + 1 - (l - r) composite?
True
Let f(x) = 8*x - 9. Suppose -3*u = -2*y - 14, u - 3*y - 4 = -2*y. Let r be f(u). Suppose l = 4*l - r. Is l a prime number?
True
Let y(v) = -v**2 - 13*v + 38. Let h be y(-15). Let i(s) = 3 + 30*s - 3 - 5. Is i(h) composite?
True
Suppose 4*w = 4*q - 41 + 17, 0 = -5*q - 10. Let v be w*(-4)/24*3. Suppose 2*y + 2*g = -3*y + 1259, -5*y + v*g + 1247 = 0. Is y prime?
True
Let c = 1361 - -139. Let i be (2/2)/(4/c). Let y = 534 - i. Is y composite?
True
Let v = -358 + 651. Is v a composite number?
False
Let m(z) = 8*z**2 + 3*z**2 + 53*z**2 - 8*z - 6. Let t be m(-6). Is t/24 - (-3)/(-4) prime?
True
Let j(o) = -95*o + 8. Suppose -28 = -0*f + 4*f. Is j(f) a prime number?
True
Let j = 18 + -14. Is j/38 - (-114085)/95 a composite number?
False
Is (-6 - -8)/2*(0 - -5261) composite?
False
Is -8 - -2 - 4/((-12)/93057) a composite number?
False
Let s(k) = k**3 + 3*k**2 + 2*k. Let t be s(-2). Suppose -4*p + 8*p - 76 = t. Is p composite?
False
Let s(a) = -2*a**2 - 3*a - 2. Let p be s(-2). Let w(l) = -8*l + 5. Let r(v) = -8*v + 4. Let n(y) = p*r(y) + 3*w(y). Is n(3) prime?
True
Let o = -26 - -12. Let j = -12 - o. Is j + -117*(-2 - -1) prime?
False
Let m = 40901 + -5650. Is m composite?
False
Let u = -1675 + 3032. Is u a composite number?
True
Is (55 + -2)/(1114/278 + -4) a composite number?
True
Let t = -1663 + 19344. Is t a prime number?
True
Let y be -4*(2 + -1)*1. Is y/(0 + -4) - -46 composite?
False
Let r(a) = -3804*a**3 + 2*a**2 - 4*a - 5. Is r(-1) a composite number?
True
Let v(o) = 356*o - 37. Is v(8) prime?
False
Suppose 4*s - 5*p - 34327 = s, 0 = s - 2*p - 11444. Is s composite?
True
Let r(g) = -g + 5. Let y be r(9). Let t be (y/(-12))/((-1)/(-12)). Suppose -t*q + 973 = 233. Is q prime?
False
Let g(q) = 527*q + 174. Is g(11) a composite number?
True
Let l be (-18)/(-1 + -1) + -1. Let c = l - 6. Suppose -3*s = c*s - 2585. Is s a prime number?
False
Suppose -5*u + 5*v + 10574 = 1614, -4*u - 3*v = -7203. Let k = -1276 + u. Is k composite?
False
Let v(y) = -y**3 - 7*y**2 - y - 4. Let n be v(-7). Suppose n*s = 5*s - 634. Suppose 4*m + 105 - s = 0. Is m composite?
False
Suppose -u - 9510 = 4*u. Let n = u - -3404. Suppose n = -3*l + 5*l. Is l composite?
False
Suppose 5*a = 3*a. Suppose a*p = 2*p - 110. Is p a prime number?
False
Let t = 22214 - 9375. Is t a prime number?
False
Suppose 23*a - 30*a + 199493 = 0. Is a a prime number?
True
Let k = -28 + 30. Suppose k*n = -2*i + 2, 4*n + 0*i - 3*i - 18 = 0. Suppose -n*t + 628 = 4*g, -5*g - 2*t + 427 = -358. Is g prime?
True
Let a(g) = 9*g**3 - 22*g**2 - 18*g - 10. Let t(n) = -4*n**3 + 10*n**2 + 9*n + 5. Let h(v) = -3*a(v) - 7*t(v). Suppose -15 = -3*z + 3. Is h(z) prime?
True
Let a be (1 - -5854)*2/5. Is a*3/6 - 0 a composite number?
False
Let p = -38 + 36. Is p + 3134 - (-15 - -10) a prime number?
True
Let f(l) = -l**2 + 10*l + 13. Let h be f(11). Suppose 3*y - 1325 = -h*n, -3 = -2*n - 7. Is y a prime number?
True
Suppose 2*t + 0*t + j + 28 = 0, -5*t - 2*j = 69. Let q = -56 + t. Let i = 154 + q. Is i a prime number?
False
Let s(r) = -16*r**2 + 7*r - 34. Let z be s(-15). Let x = -2078 - z. Is x a prime number?
False
Suppose v + 161*n - 4684 = 156*n, 5*v - 3*n - 23392 = 0. Is v composite?
False
Is (413 - 5) + -1*(-3 - -4) a composite number?
True
Let g(j) = 501*j + 304. Is g(27) composite?
False
Let s = 3 - -4. Suppose y + s = 5*k, 4*k + 4 = y + 3*y. Suppose 7*h - k*h - 1965 = 0. Is h prime?
False
Suppose 103*u = 97*u + 18. Suppose 0 = -u*y - 246 + 3147. Is y a composite number?
False
Let x be ((-2)/(-3))/(8/36). Suppose 6*j = j + 735. Suppose 4*w - 3*w = 3*f + 49, j = 3*w + x*f. Is w composite?
True
Suppose -5*j - 2*z + 3 = 0, -5*z - 3 = 2*j - 0. Let r(m) = 308*m. Let t be r(j). Suppose -4*i + t = -24. Is i composite?
False
Suppose 0 = -107*l + 116*l - 210591. Is l prime?
True
Let z = 620 - 1721. Let t = -632 - z. Is t a composite number?
True
Let i = -240 + 233. Let n(p) be the first derivative of -p**4/4 - 7*p**3/3 - 11*p**2/2 - 8*p - 1. Is n(i) a composite number?
True
Let m be (3/(-9))/(4/(-36)). Suppose 3*i + 4*g = 5*i - 16, -4*i + 17 = -m*g. Suppose i*k = 346 + 244. Is k a prime number?
False
Let t(n) = 73*n + 3. Suppose -r + 4*b - 6 = 0, -4*b - 4 = -6*b. Suppose -5*g + 12 = -r*g. Is t(g) prime?
False
Let y = 113 - 120. Let l(u) = -2*u**3 + 5*u**2 - 3*u - 9. Is l(y) prime?
False
Suppose 167*t = 155*t + 43572. Is t a prime number?
True
Suppose -47597 = -3*j - 33*h + 38*h, 2*j + 5*h = 31748. Is j a composite number?
True
Let z be 6/(-51) + 370/(-34). Let s = z + 13. Is (4/(-5))/(s/(-115)) composite?
True
Let i(g) = 27*g**2 - g + 1. Let b be i(2). Let h = 9 + -5. Suppose -4*r + 368 = m, -r + b = -0*r + h*m. Is r a composite number?
True
Let k = 32 - 17. Let g be 2/15 + 28/k. Suppose -3*l + 151 = -u, -5*l + 0*l = g*u - 259. Is l prime?
False
Let j = 446 + 3. Is j a composite number?
False
Let z = -14118 - -44833. Is z a composite number?
True
Let p be 24/14 - 4/(-14). Let x = 14 - 11. Suppose 0 = 2*d + x*i - 56, -4*d - p*i + 3*i = -126. Is d a composite number?
False
Suppose -2*t + 29046 = -10060. Is t composite?
False
Suppose 23*o - 94165 = -14*o. Is o composite?
True
Suppose 9 = 9*b - 9. Suppose 2*p - p = v + 1471, -b*p - 2*v = -2942. Is p prime?
True
Suppose 0*r + 5*w = -2*r, 0 = 4*r + w. Suppose r = 3*y - y + j - 10, -21 = -3*y - 3*j. Suppose l = 5*l - y*i - 344, -5*l + 5*i + 435 = 0. Is l a prime number?
True
Let r = 24414 + 19804. Is r composite?
True
Suppose 3*b + y - 13 = 0, 0*b + 2*y - 14 = -2*b. Let k(p) = 100*p**3 - 3*p**2 + 5*p - 5. Is k(b) prime?
True
Let g = -1240 + 6571. Is g a composite number?
True
Let u = -35 + 74. Let b = u + -31. Is b/3*1239/28 composite?
True
Let l = 92 - 44. Is 64/l - 287/(-3) a composite number?
False
Suppose -2*p + 65648 = 14*p. Is p a prime number?
False
Is ((-45318196)/(-210))/22 - 2/15 prime?
False
Let u(d) = d**3 - 27*d**2 + 26*d. Let w be u(26). Suppose w = 10*x - 8*x - 942. Is x a composite number?
True
Let l(r) = 34*r + 16*r - 7 + 24*r. Is l(9) composite?
False
Suppose 0 = 4*p - 77473 + 20685. Is p a composite number?
False
Suppose -112376 = -21*n + 13*n. Is n a composite number?
True
Suppose -120802 = -38*s + 120612. Is s a prime number?
True
Let v = 15 - 9. Let j = v - 1. Suppose 0*t + j*t - 4*f = 1125, 457 = 2*t - 3*f. Is t a composite number?
True
Suppose 2*g - 2*d - 278 = 0, -g + 150 = 4*d + 21. Let i(k) = -3*k**2 - 29*k - 15. Let p be